q(r) = 813*r - 998. List the prime factors of q(11).
5, 7, 227
Let i = -154 + 152. What are the prime factors of (3634/92)/((-1)/i)?
79
Let g = 326 + -323. Suppose 32*k - g*k = 9396. List the prime factors of k.
2, 3
Suppose -20*l = -43*l - 46*l + 487554. List the prime factors of l.
2, 3533
Let q(i) = 5*i - 18. Let p be q(3). What are the prime factors of (818 - (-6 + 1)) + (-12)/p?
827
Let r(q) = 14*q + 2916. What are the prime factors of r(-39)?
2, 3, 5, 79
Let u(t) = 12385*t**2 - 21*t - 9. What are the prime factors of u(-1)?
7, 11, 23
Suppose -a - 14 = a - 4*l, -4*a - 40 = 4*l. Let c(n) = 4*n**2 - 13*n + 13. What are the prime factors of c(a)?
2, 227
Suppose -3 = y - 7. Suppose -3*i - y*u + 68 = 0, 0 = 4*i - i - u - 58. Suppose 4*l + 3*t = 68, l - i = -l - 5*t. What are the prime factors of l?
2, 5
Let c(g) = -2*g**3 - 5*g**2 - 41*g - 10. Let b(z) = z**3 + 3*z**2 + 20*z + 5. Let w(l) = 13*b(l) + 6*c(l). Let q = -59 + 52. List the prime factors of w(q).
5
Let m(o) = -5*o**3 - 13*o - 38. Let i be m(-4). Suppose -5*y - 3*r = -i, -r - 3*r - 183 = -3*y. What are the prime factors of y?
5, 13
Let l(w) = w**3 - 4*w**2 + 2. Let u be l(4). Suppose 0 = -o + t + 238, 0*o - 3*o = -u*t - 711. List the prime factors of o.
5, 47
Suppose 3026 = 5*b + 851. Suppose 0 = -5*f - 115 - b. Let q = -13 - f. List the prime factors of q.
97
Let l be 100 - 0/(-3*2/6). Suppose -d + 110 = -3*d. Let s = d + l. What are the prime factors of s?
3, 5
Suppose -7 = -z, 3*s - 216*z + 213*z = 53547. What are the prime factors of s?
2, 3, 31
Let d(x) = -x**2 - 19*x + 44. Let z be d(-10). Let s(q) = 3 + 76*q**2 + 67*q**2 - z*q**2 - 2*q. What are the prime factors of s(-5)?
2, 7, 17
Let l(m) = 2*m**2 + 27*m + 7. Let p be l(-14). Suppose 17*a - p*a = -988. List the prime factors of a.
13, 19
Suppose -1495 = -15*j - 1465. Let b be (1/(-2))/((-2)/64). Suppose -j*v = -b*v + 1764. What are the prime factors of v?
2, 3, 7
Let r(u) = -4*u**2 + 5*u - 2. Let z(w) = -5*w**2 + 6*w - 3. Let x(k) = 6*r(k) - 5*z(k). Let n be x(-3). Suppose -15*s + n*s = -102. List the prime factors of s.
2, 17
Suppose 2*v + 20 = -2*n, -6*v + 5*n - 14 = -3*v. Let j be (0/2)/(v + 7). Suppose j = -10*y + 8*y + 114. What are the prime factors of y?
3, 19
Let j be ((-5238)/24)/(-9) + 3/4. Let c = -18 + j. Suppose 3*d - 1200 = -c*d. List the prime factors of d.
2, 3, 5
Let u = 82 - 70. Suppose -2012 = -u*w + 1168. List the prime factors of w.
5, 53
Suppose 4*k = -17 + 5, -2*k = -y. Let n(m) = -m**3 - 4*m**2 + 10*m - 9. Let c be n(y). Suppose 6*s - c - 87 = 0. What are the prime factors of s?
3, 5
Let g = 23641 + -12912. What are the prime factors of g?
10729
Suppose -2*u = -3*z - 19 + 54, 5*z + 5*u - 25 = 0. List the prime factors of (-38)/(-6)*(z*84)/4.
3, 7, 19
Suppose 12 = 4*j + 4. Suppose p + 32 = j*p. Let a = p + 50. What are the prime factors of a?
2, 41
Let j(f) = 214*f**3 + 8*f**2 + 47*f - 301. What are the prime factors of j(5)?
2, 11, 13, 47
Let a(b) = 17*b**2 + 26*b - 4. Suppose 0 = -17*s + 15*s + 3*w - 9, 0 = -s - w + 8. List the prime factors of a(s).
227
Let c(n) = -4*n + 2. Let f be c(-1). Suppose f*y + 2 - 26 = 0. Suppose i = 6*i - 3*q - 332, 0 = -y*i + 5*q + 263. List the prime factors of i.
67
Let s = -1931 - -3464. List the prime factors of s.
3, 7, 73
Let n(u) = -u**3 + 13*u**2 + 12*u + 32. Let l be n(14). List the prime factors of -8*(-4 - (-14)/l) - -291.
5, 59
Let s be (-56)/16*12/(-14). Suppose -n + 5*w + 37 = -7, 5*n + w = 350. Suppose n = 4*d - s*d. List the prime factors of d.
3, 23
Let y(b) = b**2 + 14*b + 71. Let k = 445 + -426. What are the prime factors of y(k)?
2, 349
Let l be (-1792)/(-48)*(-6)/(-7). Let v(k) = -k**2 - 6*k + 3. Let q be v(-5). List the prime factors of (q/l)/((-2)/44)*-2.
11
Let s = 529 + -350. Let p = s - -567. What are the prime factors of p?
2, 373
Let p be (6*2/2)/((-48)/(-35448)). What are the prime factors of (6/(-9))/((-7)/p) + 5?
7, 61
Let z be (-2)/(-6) - 5/((-60)/(-208)). Let o = z - -22. Suppose -5*y + o*m + 493 = 2*m, 4*m + 85 = y. What are the prime factors of y?
101
Let b be (-760944)/(-382) - (-5 - (-1 + 1)). Suppose -10*v + b = -1653. What are the prime factors of v?
5, 73
Let m be -2*2*145/(-2). Suppose 5*u + m = -145. Let l = u - -259. List the prime factors of l.
2, 43
Suppose 3*i + 54 = -6*i. Let v(r) = -r**3 - 5*r**2 + 9*r - 5. Let h be v(i). Let x(u) = u**2 + 18*u + 13. List the prime factors of x(h).
2
What are the prime factors of ((-194900)/(-16) - -3) + (-25)/100?
2, 1523
Suppose 69*b + 197671 = 112*b. List the prime factors of b.
4597
Let r = 1492 - 751. Suppose v + 232 = r. List the prime factors of v.
509
Let o be (0 + 231)/((-4)/(-8)). Suppose 0 = 5*j - 2*j - o. List the prime factors of j.
2, 7, 11
Let p(q) = 20*q**2 - 75*q + 9. Let n be p(-23). Suppose 0 = 20*u - 2746 - n. What are the prime factors of u?
3, 251
Let f = -490 + 500. Suppose 2*c - f*i = -6*i + 134, -213 = -3*c + 2*i. What are the prime factors of c?
73
Let v(a) = -2*a. Let l be v(-4). Suppose 0 = 5*f - 7*f + l. Suppose 5*b = 2*r - 102, -5*b = -r - f*b + 54. What are the prime factors of r?
2, 7
List the prime factors of 44024392/2024 - (-4)/(-22).
21751
Let g(f) = -5*f**3 - 2*f**2 - f - 6. Let w be g(-3). Suppose -w - 54 = -6*t. What are the prime factors of t?
2, 7
List the prime factors of 7 - (-1)/((-9)/(-92601)).
2, 3, 11, 13
Let d = 55 + -51. Suppose -d*v = 0, 0*t - 5*t = -v - 20. Suppose 4*u - 3*s = 673, -3*u + t*s + 841 = 2*u. List the prime factors of u.
13
List the prime factors of (-51 - 107)/(4/(-10)).
5, 79
Let o(u) = -116*u + 35. Let r be o(-2). Let x = 446 + r. List the prime factors of x.
23, 31
Let c be 2/(-17) - (-1305)/255. Let i(y) = 174*y - 159. List the prime factors of i(c).
3, 79
Suppose 4*w = p - 184, p - 5*p = -3*w - 671. Suppose 4*a = 415 + 733. Let i = a - p. What are the prime factors of i?
3, 41
Suppose -13*s = -4*s. Suppose -f - 5*m + 618 = s, -3*f + 1309 + 617 = -3*m. Suppose f = 18*c - 7*c. What are the prime factors of c?
2, 29
Suppose -18*k = 24970 - 155560. What are the prime factors of k?
5, 1451
Suppose 0 = 4*r - 4570 - 3590. Suppose 5*q = 2*g - r, 5*g + 42*q - 46*q - 5083 = 0. List the prime factors of g.
5, 7, 29
Let n = -2438 - -3418. Let m = 1563 - n. List the prime factors of m.
11, 53
Let s be (-80)/(-10)*(-18)/(-8). List the prime factors of (9/(-12))/(s/(-38328)).
1597
Let f(g) = 12*g + 6. Suppose -2*n + 3*v - 8 = 0, 2*v = 4*n - 2*v + 8. Let i be f(n). List the prime factors of (i/(-7))/((-3)/14).
2, 5
Let n = 8845 - 5829. Suppose 7*w - n = 4733. List the prime factors of w.
3, 41
Let z be 602/(-3)*(18/4 - 6). Let b = z + 241. List the prime factors of b.
2, 271
Let w = -13129 - -13029. Let r = 486 + -696. Let v = w - r. List the prime factors of v.
2, 5, 11
Suppose 5*d - 26570 = 2*b, -3*d - 73*b + 15942 = -74*b. List the prime factors of d.
2, 2657
Suppose 0 = 3*t - a - 346, -t + a + 4*a = -134. Let d = t - 109. Suppose 0 = -4*p - g + 602, p + 740 = 6*p - d*g. List the prime factors of p.
2, 3, 5
Let t(n) = -n**2 + 3*n + 16. Let z be t(-3). What are the prime factors of 3 + 3 + -4 + (-192)/z?
2, 7
Let w = 51 - 113. Let u = -58 - w. Suppose -69 = -f + u*c, 0 = -f + 5*c + 41 + 30. What are the prime factors of f?
61
List the prime factors of ((0 - (-22897)/21)*-1)/((-5)/45).
3, 3271
Let n(l) = -4*l**2 - 3 + 11*l**2 - 4 - 8*l**2 + 7*l. Let i be n(6). List the prime factors of (i - -17)*((4 - 2) + 7).
2, 3
Suppose 38*f - 2582 = 21092. What are the prime factors of f?
7, 89
Let w = 84 - -14. Let r = w + 19. Suppose -r = -8*h - h. List the prime factors of h.
13
Let r be ((-196)/3)/((-2)/(-6)). Let m = -21995 + 22328. Let b = r + m. What are the prime factors of b?
137
Let s = -16990 + 25620. List the prime factors of s.
2, 5, 863
Let z = 48 - 44. Suppose -6*j + 236 = -460. Suppose -z*g + j = -60. List the prime factors of g.
2, 11
Suppose -6*q + 6184 = -22130. List the prime factors of q.
3, 11, 13
What are the prime factors of 12716 + 1*(-3 - -8 - 6)?
5, 2543
Let w = 33 - 38. What are the prime factors of (-3 - (w - -1))*1093 + 4?
1097
Suppose -61*n = 24957 - 483921. List the prime factors of n.
2, 3, 11, 19
Let d be -2 - -2161 - (21 + -24). Let g = d + -1299. List the prime factors of g.
863
Let q(k) = 3*k**2 - 8*k - 52. 